e 5) in base 9?
82306
Convert -1099 (base 11) to base 2.
-10110011111
Convert 431514 (base 6) to base 3.
1210120001
-31a25 (base 12) to base 16
-ff7d
-11101000 (base 2) to base 6
-1024
What is 26e (base 16) in base 13?
38b
5ca (base 13) to base 10
1011
-30 (base 11) to base 9
-36
Convert 1155 (base 6) to base 15.
142
What is -34a (base 11) in base 2?
-110100001
What is -33 (base 12) in base 11?
-36
-c8a (base 13) to base 12
-12a6
Convert 7468 (base 16) to base 2.
111010001101000
-384c (base 16) to base 2
-11100001001100
What is -1300 (base 4) in base 8?
-160
What is 101110100011011 (base 2) in base 11?
169a9
-26c (base 13) to base 4
-12230
Convert 564 (base 8) to base 13.
228
Convert -2001 (base 5) to base 6.
-1055
What is -26b (base 16) in base 6?
-2511
What is -68b (base 12) in base 10?
-971
Convert 1110110000100 (base 2) to base 14.
2a7a
-12717 (base 10) to base 15
-3b7c
-11332 (base 6) to base 7
-4532
-1200 (base 9) to base 4
-31323
Convert 18 (base 13) to base 14.
17
Convert ff (base 16) to base 4.
3333
20023 (base 4) to base 2
1000001011
Convert 1032301 (base 4) to base 6.
35201
-100001020 (base 3) to base 14
-2590
6182 (base 11) to base 12
48b1
651 (base 8) to base 9
522
14756 (base 9) to base 3
111211220
Convert 1b50b (base 12) to base 15.
bed5
1053 (base 15) to base 6
23553
101220021 (base 3) to base 13
3802
Convert 56a8 (base 14) to base 7.
61601
-316 (base 10) to base 13
-1b4
Convert -3132312 (base 5) to base 10.
-52207
-39a7 (base 11) to base 10
-5199
Convert -418 (base 10) to base 14.
-21c
Convert -154412 (base 6) to base 11.
-10524
Convert 134717 (base 8) to base 6.
1004115
What is -43045 (base 7) in base 15?
-3261
What is 28c2 (base 14) in base 10?
7226
Convert 15d (base 15) to base 4.
10321
Convert -12a7 (base 11) to base 14.
-88a
31a0 (base 11) to base 6
31320
632 (base 12) to base 15
402
What is 44346 (base 12) in base 8?
260346
What is -1671 (base 12) in base 15?
-bd7
What is 281a (base 12) in base 14?
198a
-81e (base 15) to base 7
-5222
Convert -112b2 (base 14) to base 4.
-22023230
Convert -28b7 (base 12) to base 2.
-1001010001011
-13304 (base 6) to base 2
-100000001000
What is -381 (base 12) in base 15?
-254
Convert 1442 (base 8) to base 16.
322
What is -1326 (base 11) in base 15?
-79c
What is 21033 (base 4) in base 2?
1001001111
212220 (base 4) to base 9
3346
What is 127 (base 10) in base 13?
9a
111402 (base 5) to base 9
5408
What is -3476 (base 11) in base 13?
-20ca
What is 88336 (base 9) in base 15?
12566
Convert -101011001 (base 2) to base 10.
-345
What is 43413 (base 5) in base 12?
1887
241121 (base 5) to base 7
34660
-103553 (base 9) to base 10
-61689
Convert 172 (base 10) to base 8.
254
What is 750 (base 16) in base 3?
2120100
8c25 (base 13) to base 8
46263
Convert -241532 (base 6) to base 3.
-1002000102
Convert 3427 (base 15) to base 4.
2230312
What is 2017 (base 13) in base 16?
113e
Convert 101 (base 10) to base 5.
401
350 (base 12) to base 3
200020
1075 (base 12) to base 5
24232
Convert 838 (base 13) to base 8.
2567
What is -8b (base 16) in base 5?
-1024
What is 4257 (base 8) in base 5?
32343
What is -18422 (base 10) in base 13?
-8501
-112022100 (base 3) to base 16
-28bf
-224 (base 7) to base 5
-431
What is 1909b (base 13) in base 16?
bd4e
-4b5 (base 15) to base 12
-752
Convert 4 (base 14) to base 10.
4
Convert -2224 (base 9) to base 16.
-66a
a20 (base 14) to base 2
11111000100
Convert 30420 (base 8) to base 11.
9489
What is 1120200 (base 3) in base 14?
5c4
9553 (base 10) to base 15
2c6d
What is 9a8 (base 12) in base 3?
1221202
What is -1301 (base 10) in base 9?
-1705
Convert -30 (base 12) to base 16.
-24
1167 (base 8) to base 6
2531
-14407 (base 10) to base 16
-3847
What is 105612 (base 7) in base 9?
27736
-11026 (base 9) to base 2
-1110010010010
-6339 (base 14) to base 4
-10023033
What is 825 (base 12) in base 10?
1181
514 (base 16) to base 3
1210011
100013 (base 4) to base 3
1102012
-12303 (base 4) to base 5
-3220
Convert -135541 (base 7) to base 2.
-110010110001111
Convert 51ca (base 15) to base 16.
438a
Convert b9c5 (base 16) to base 15.
e157
What is -1352 (base 7) in base 5?
-4102
What is -1532 (base 8) in base 9?
-1153
24a2 (base 12) to base 3
12200212
Convert 7799 (base 11) to base 3.
112002110
-3749 (base 11) to base 7
-20160
What is -3514 (base 6) in base 5?
-11323
Convert -133657 (base 8) to base 5.
-3001043
23c3 (base 13) to base 7
20516
What is -307 (base 8) in base 5?
-1244
What is -116 (base 13) in base 5?
-1223
What is -528 (base 11) in base 4?
-21323
What is db (base 14) in base 11?
166
What is -2b29 (base 14) in base 13?
-365b
What is 26470 (base 8) in base 13?
5366
What is -1231300 (base 6) in base 9?
-111100
Convert 111112211 (base 3) to base 13.
465a
What is -2c42 (base 14) in base 12?
-46a2
What is -964 (base 14) in base 2?
-11100111100
What is 811 (base 14) in base 5?
22313
101110011010 (base 2) to base 10
2970
Convert -13013 (base 10) to base 6.
-140125
Convert -b3 (base 14) to base 7.
-313
5a89 (base 15) to base 14
7034
Convert -4062 (base 16) to base 10.
-16482
What is 3240 (base 7) in base 14?
5c7
Convert 33c (base 16) to base 10.
828
What is aa9 (base 13) in base 6?
12245
-10111 (base 3) to base 16
-5e
What is -12751 (base 8) in base 13?
-2726
What is -2e07 (base 16) in base 14?
-4419
-203136 (base 8) to base 2
-10000011001011110
Convert -1202333 (base 5) to base 11.
-15769
Convert 274a (base 16) to base 8.
23512
Convert 2234 (base 5) to base 10.
319
Convert -2305 (base 11) to base 4.
-233112
4747 (base 8) to base 2
100111100111
What is 1012120202 (base 3) in base 7?
126152
-1526 (base 9) to base 16
-486
Convert -375b (base 14) to base 2.
-10010111010101
1444324 (base 5) to base 16
79ee
8d89 (base 15) to base 8
72546
Convert 23321031 (base 4) to base 13.
19236
Convert -c50 (base 13) to base 10.
-2093
-211003 (base 5) to base 9
-10541
-2cd1 (base 16) to base 6
-125041
-ae7 (base 15) to base 10
-2467
Convert 111000101 (base 2) to base 12.
319
-20120202 (base 3) to base 11
-3673
Convert -151 (base 9) to base 10.
-127
3104 (base 6) to base 3
221111
19314 (base 12) to base 14
d560
What is -303 (base 11) in base 14?
-1c2
What is 30301 (base 4) in base 6?
3441
52d (base 14) to base 12
711
Convert 63606 (base 8) to base 6.
322410
12 (base 11) to base 8
15
11535 (base 16) to base 15
16060
Convert -5c19 (base 14) to base 10.
-16095
Convert -15024 (base 6) to base 13.
-1120
What is 1800 (base 9) in base 7?
4005
-6767 (base 12) to base 6
-125011
119c (base 13) to base 16
9bf
Convert -11110110110 (base 2) to base 15.
-8b9
What is 62526 (base 9) in base 15?
c353
What is -3670 (base 11) in base 6?
-34112
What is -305050 (base 7) in base 12?
-26237
Convert 111001000 (base 2) to base 11.
385
What is -50c (base 13) in base 12?
-5b5
What is -1003120 (base 4) in base 16?
-10d8
What is -24532 (base 8) in base 4?
-2211122
Convert 1011 (base 4) to base 8.
105
Convert -45b (base 14) to base 15.
-3ca
1245 (base 6) to base 13
1b5
Convert -8438 (base 15) to base 13.
-c953
What is 120200100 (base 3) in base 2?
10110010100110
Convert 13a (base 13) to base 6.
1002
What is 143330 (base 5) in base 7?
23520
What is -1d5 (base 15) in base 7?
-1145
What is d5 (base 16) in base 2?
11010101
Convert -1010201121 (base 3) to base 2.
-101011101111111
What is -111120 (base 5) in base 12?
-231a
What is -212020 (base 3) in base 6?
-2523
What is -1400 (base 6) in base 7?
-1023
Convert 52361 (base 7) to base 15.
3c3b
What is -741 (base 10) in base 11?
-614
Convert -1032222 (base 5) to base 2.
-100010110010100
Convert 10101 (base 7) to base 3.
10100210
-51531 (base 6) to base 5
-210040
Convert 6706 (base 8) to base 13.
17b3
-1806 (base 15) to base 6
-35553
What is -1101100 (base 3) in base 10?
-1008
Convert 22301 (base 4) to base 7.
2003
Convert -111001011000 (base 2) to base 6.
-25000
What is -4c1 (base 13) in base 9?
-1125
-25227 (base 9) to base 7
-100300
What is -1111 (base 3) in base 12?
-34
What is 540 (base 10) in base 11?
451
What is 13310 (base 4) in base 2?
111110100
What is -95d (base 15) in base 2?
-100001000001
Convert 1ee (base 15) to base 9.
548
What is 1360c (base 13) in base 8?
106522
Convert -121120 (base 6) to base 7.
-42666
20099 (base 10) to base 5
1120344
Convert -152477 (base 8) to base 3.
-2202212220
Co